z. What is the tens digit of m?
5
Suppose -11*m = -3810 - 9423. What is the units digit of m?
3
Let b = -3003 + 6552. What is the tens digit of b?
4
Let p be (6 - 1) + -4 + -25. What is the hundreds digit of p/(-84) - (-2 + (-10305)/21)?
4
Let k(y) = y**3 - 8*y**2 + y + 8. Let l be k(8). Let x(d) = -4*d + 356. Let n be x(27). Suppose l*z + n = 18*z. What is the units digit of z?
4
Suppose 4*h - 1083 = -1163. Let p(n) = -66*n - 368. What is the hundreds digit of p(h)?
9
Let w(i) = -i**3 - 3*i**2 + 5*i + 6. Let q be w(-4). Let y be (44/(-2) - -2)/((-4)/(-38)). What is the tens digit of (y/(-15))/(q/3)?
1
Let t be (-8)/6 + (-36)/(-27). Suppose a - 5*l - 2 = t, a + l + 0 = 2. Suppose a*h - 8*h = -12. What is the units digit of h?
2
Suppose 0 = 4*w - 4, -z + 32 = 2*w + 8. Let y = 7 - -67. Let g = y - z. What is the units digit of g?
2
Suppose -2*z - 6 = -5*z, -g = -z - 3984. What is the hundreds digit of g?
9
Let t = -14 + 23. Suppose 18*q - 21*q + t = 0. Suppose 5*r + 0*r + 5*g = 295, g + q = 0. What is the tens digit of r?
6
Suppose n = 3*s + 3919, 3857 = 3*n + s - 7950. What is the tens digit of n?
3
Let b(h) = -h**2 + 42*h - 13. Let z be b(30). Let j = -173 + z. What is the units digit of j?
4
Let m be 563 + 2/2 + 16 + -15. Suppose -m = -5*y - p + 605, 20 = 4*p. What is the hundreds digit of y?
2
Suppose -4*o + 6 - 14 = 0. What is the hundreds digit of ((-324)/o)/((-6)/18 + 1)?
2
Suppose -16*t - 16*t = -39*t - 203. Let s be 1*(0/(-1) - -25). Let m = s - t. What is the tens digit of m?
5
Let v = -13277 + 31985. What is the thousands digit of v?
8
Let t(a) = 9346*a**2 + 628*a - 3. What is the hundreds digit of t(-2)?
1
Let b = 1127 + -727. Suppose -b = -5*r + 585. What is the units digit of r?
7
Let c(p) = -11*p**3 - 5*p**2 + 15*p + 38. What is the tens digit of c(-6)?
4
Suppose 690 = -0*a - 5*a. Let k = a + 151. Suppose -i + k*i = 2556. What is the hundreds digit of i?
2
What is the tens digit of -6 - (-243 - (20 + -12))?
4
Let z(q) = 226*q**2 + 11*q - 53. What is the thousands digit of z(4)?
3
Let m(a) = -3*a + 33. Let j be m(10). Let g = j + 319. What is the units digit of g?
2
Suppose z - 4051 = -755. Suppose -3*u + r = -z, 18 = 4*r + 2. Suppose -4*l + u = 6*l. What is the hundreds digit of l?
1
Let k be 10/6*(-135)/(-75). Suppose -k*s + 12117 = 18*s. What is the units digit of s?
7
Suppose 362*d = 408*d - 362618. What is the units digit of d?
3
Let a = 42260 - -12505. What is the hundreds digit of a?
7
Suppose -1448 = 10*l - 5358. Let q = 134 - l. Let z = -93 - q. What is the tens digit of z?
6
Suppose -9*l - 8093 = -11*l + 3*x, 0 = 4*l - 5*x - 16177. What is the hundreds digit of l?
0
Let j = 48 - 45. Suppose 97 = j*a - 29. Suppose -a + 12 = -5*r. What is the units digit of r?
6
Let s = 3769 - -1419. What is the units digit of s?
8
Let j be ((3 + -2)*(-1 + 1))/(-1). Suppose 5*o + j*o = 10. What is the tens digit of -2 - -63 - (-4 + o + 4)?
5
Suppose -131 = -10*g + 69. Let u = g - -73. What is the tens digit of u?
9
Let k = 124 - 120. Suppose k*q - j - 120 = -2*j, -45 = -q - 4*j. Let i = 13 + q. What is the units digit of i?
2
Suppose 6*a = 2*a + 44. Suppose -3*c + a*c - 72 = 0. Let h(t) = t**2 + 4*t - 5. What is the tens digit of h(c)?
1
Let a = 441 - 237. Suppose 2*t + a = -3*s, 177 = -3*s - 4*t - 33. What is the units digit of (-9)/2*176/s?
2
Suppose -4*l - 145134 = -3*x, -544*l = x - 543*l - 48371. What is the ten thousands digit of x?
4
Let o be (3 - (-41)/(-13)) + 28/13. What is the tens digit of 267/((38 + -32)*o/40)?
9
Suppose 0 = -33*b + 43*b - 40. Let n(k) = 39*k**2 + 4*k - 8. What is the tens digit of n(b)?
3
Suppose 845*q - 1033852 + 239422 = 800*q. What is the units digit of q?
4
Let u = -33 - -37. Suppose j = -3*i + 54 + 13, -4*j + 76 = u*i. Let o = i - 7. What is the units digit of o?
7
Let s(a) = -5*a - 115. Let i be s(-23). What is the tens digit of i - 2/((-2)/89)*2?
7
Let b = 10121 - -27475. What is the ten thousands digit of b?
3
Let a = -208 - -223. What is the hundreds digit of 5/1 - 5/a*-543?
1
Let j(o) = -o**2 + 15*o - 26. Let f be j(13). Suppose 13*v = m + 12*v - 512, f = -2*v + 8. What is the hundreds digit of m?
5
Let t(c) = 3*c - 2*c + 46*c**3 + 344*c**2 - 1 - 124*c**3 - 342*c**2. Let j be t(-1). Let k = -7 + j. What is the tens digit of k?
7
Let t(y) = 47*y - 34. Let q be t(6). Suppose -9*m + q = -994. What is the hundreds digit of m?
1
Let j(w) = -2*w**3 - 7*w**2 + 4*w - 10. Let c be j(-7). Suppose -2*t = -c - 201. What is the units digit of t?
3
Suppose -37*m - 7636 = -39*m + 4*i, -15263 = -4*m - i. What is the units digit of m?
6
Suppose 1570 = -3*y + 5*y. Suppose 0 = 7*q - y - 202. What is the hundreds digit of q?
1
What is the units digit of 7/(-315)*9 - (-97291)/5?
8
Suppose 6 = -22*i + 16*i. Let u(g) = 279*g**2 - 4*g - 4. What is the hundreds digit of u(i)?
2
Let h(t) = -2*t**3 - 8*t**2 + 2*t - 10. Let f = 187 - 195. What is the hundreds digit of h(f)?
4
What is the units digit of 1655 - -21*(-10)/15?
1
Let r(z) = -51*z**2 + 7*z + 53. Let s be r(-6). What is the tens digit of 0 + s/50*-2*1?
7
Let b(x) = -209*x**3 + 2*x**2 + 2*x + 3. Let k be b(-3). Suppose 0 = -8*w + 2*w + k. What is the units digit of w?
3
Let d = -15696 - -22155. What is the hundreds digit of d?
4
Suppose 1660909 + 788894 = 51*z + 573156. What is the ten thousands digit of z?
3
Suppose 10*m - 306580 - 36030 = 0. Suppose 63*x - m = 5744. What is the hundreds digit of x?
6
Let g(d) be the second derivative of -1/6*d**3 + 4*d - 1/20*d**5 + 9/2*d**2 + 0 - 2/3*d**4. What is the tens digit of g(-9)?
9
Let c(z) = z + 2. Let d be c(9). Let l(w) = 17 + 3 + 19 + 0*w - 68 + 9*w. What is the tens digit of l(d)?
7
Let t(p) = 1 - 3*p**2 + p + p**2 + 20*p**3 + p**2. Suppose q + 45 - 38 = 4*x, 4*q + 3*x - 10 = 0. What is the tens digit of t(q)?
2
Let j(b) = 2*b**3 + 3*b**2 - 11. Let a be j(-3). What is the units digit of 181240/190 - 4/a?
4
Let o(v) = 2*v**3 - 14*v**2 + 20*v + 7. Let r be o(9). Suppose 2*h - 377 = -0*y - 3*y, 4*y - r = -h. What is the units digit of y?
9
Let h(f) = 5*f - 1. Let b(u) be the third derivative of u**4 - 2*u**3/3 + 31*u**2. Let q(v) = -3*b(v) + 14*h(v). What is the units digit of q(-6)?
0
Let g(q) = 6*q**2 + 4*q + 1. Let j(i) = 3*i**2 + i - 4. Let p be j(-2). Let n be (13/26)/(1/p). What is the units digit of g(n)?
7
Let a = 2295 + -97. Suppose -4*i + 406 = -a. What is the units digit of i?
1
Let l(a) = 5*a**3 - 24*a**2 + 24*a - 8. What is the thousands digit of l(10)?
2
Let j(h) = h**3 - 4*h**2 - h - 12. Let o be j(5). Let y(k) be the second derivative of k**4/12 - 2*k**3/3 + 8*k**2 + 31*k. What is the tens digit of y(o)?
4
Let a = -10365 + 16310. What is the thousands digit of a?
5
Let h(q) be the third derivative of -7*q**4/24 - 13*q**3/6 + 12*q**2. Let f = -32 - -16. What is the units digit of h(f)?
9
Let k(r) be the second derivative of r**5/20 + 25*r**4/12 + 37*r**3/3 - 7*r**2 - 11*r - 2. What is the tens digit of k(-15)?
2
Let h be -1 + -1 + 6 + 6. Let s(x) = 42*x + 9. What is the units digit of s(h)?
9
Let b(n) = 1464*n**2 - 31*n - 13. What is the tens digit of b(3)?
7
Let x be ((-2)/(-6))/(((-4)/(-1272))/1). Let c = 201 - x. Let s = c + 18. What is the units digit of s?
3
What is the thousands digit of 5205/6*(-129)/(-30) + 2/(-8)?
3
Suppose 2*f - 12 = -f, 4*f = 3*g - 314. Suppose y - 12 = g. Suppose 3*h - y - 103 = 0. What is the units digit of h?
5
Suppose 166 = -5*p + 26. Let z(a) = a**3 + 31*a**2 + 65*a + 2. What is the tens digit of z(p)?
3
What is the hundreds digit of ((-163719)/18 - -4)*(10/(-6) - -1)?
0
Let y(c) = -19*c**2 - 108 + 28*c + 25 - 7261*c**3 + 7262*c**3 + 22*c. What is the hundreds digit of y(19)?
8
Suppose -2*z - 4*l + 1146 = 0, -13*z - 1142 = -15*z - 3*l. What is the units digit of z?
5
Let l = -365 + 368. Suppose 404 = r + t + 52, l*r - 1080 = 3*t. What is the tens digit of r?
5
Let n = 58 + -52. Suppose 13*k - 12*k - n = 0. Suppose 0 = k*i + 6*i - 360. What is the tens digit of i?
3
Suppose 3*u - 2939 = 4*o, -22*u - o = -17*u - 4906. What is the units digit of u?
1
Let a(s) = -2*s - 36. Let f be a(-19). Suppose 0 = -f*i + 1090 - 100. Suppose -6*x - i = -11*x. What is the units digit of x?
9
Suppose -29 = -3*j + 4*z - 3*z, 0 = -j - 4*z - 12. Suppose j*w - 27 = 11*w. What is the tens digit